5, 439, 769
What are the prime factors of 891634?
2, 29, 15373
What are the prime factors of 684875?
5, 5479
List the prime factors of 669067.
7, 95581
What are the prime factors of 721305?
3, 5, 13, 137
List the prime factors of 155771.
7, 11, 17
What are the prime factors of 3555045?
3, 5, 13, 59, 103
What are the prime factors of 1020475?
5, 40819
List the prime factors of 3826767.
3, 7, 149, 1223
List the prime factors of 417046.
2, 7, 29789
List the prime factors of 773615.
5, 154723
What are the prime factors of 1113586?
2, 556793
List the prime factors of 1189083.
3, 7, 8089
What are the prime factors of 77920?
2, 5, 487
List the prime factors of 3998121.
3, 619, 2153
What are the prime factors of 423114?
2, 3, 97, 727
List the prime factors of 1461439.
7, 17, 12281
What are the prime factors of 8771492?
2, 2192873
What are the prime factors of 11048545?
5, 79, 83, 337
What are the prime factors of 45160?
2, 5, 1129
List the prime factors of 2944297.
19, 241, 643
List the prime factors of 1814587.
809, 2243
What are the prime factors of 1719992?
2, 17, 12647
What are the prime factors of 1586067?
3, 7, 75527
List the prime factors of 264563.
13, 47, 433
What are the prime factors of 9876141?
3, 11, 3023
What are the prime factors of 9388388?
2, 61, 109, 353
List the prime factors of 28879955.
5, 13, 444307
What are the prime factors of 324339?
3, 73, 1481
What are the prime factors of 4247483?
317, 13399
List the prime factors of 668665.
5, 133733
List the prime factors of 39053.
7, 797
What are the prime factors of 1049295?
3, 5, 13, 5381
List the prime factors of 432875.
5, 3463
List the prime factors of 37976575.
5, 7, 13, 16693
List the prime factors of 33708232.
2, 41, 102769
What are the prime factors of 422495?
5, 84499
What are the prime factors of 785529?
3, 87281
What are the prime factors of 6311226?
2, 3, 577, 1823
List the prime factors of 15412420.
2, 5, 19, 40559
List the prime factors of 3535744.
2, 23, 1201
List the prime factors of 128278.
2, 31, 2069
List the prime factors of 179900.
2, 5, 7, 257
What are the prime factors of 287047?
287047
What are the prime factors of 2979210?
2, 3, 5, 13, 7639
What are the prime factors of 461659?
11, 41969
List the prime factors of 2756995.
5, 19, 29021
List the prime factors of 19833.
3, 11, 601
List the prime factors of 15241063.
15241063
List the prime factors of 195510.
2, 3, 5, 7, 19
What are the prime factors of 734938?
2, 367469
What are the prime factors of 17873693?
103, 173531
List the prime factors of 33092141.
73, 453317
What are the prime factors of 6731879?
7, 11, 87427
List the prime factors of 5879399.
17, 317, 1091
What are the prime factors of 1733421?
3, 577807
What are the prime factors of 417264?
2, 3, 8693
List the prime factors of 359459.
101, 3559
What are the prime factors of 36577?
79, 463
List the prime factors of 15011415.
3, 5, 29, 11503
List the prime factors of 2852025.
3, 5, 11, 3457
What are the prime factors of 47875?
5, 383
List the prime factors of 3093087.
3, 31, 79, 421
What are the prime factors of 4449973?
11, 397, 1019
List the prime factors of 4119220.
2, 5, 7, 29423
What are the prime factors of 352881?
3, 39209
List the prime factors of 14219134.
2, 7109567
What are the prime factors of 5621785?
5, 13, 6653
What are the prime factors of 743126?
2, 43, 8641
List the prime factors of 450562.
2, 7, 32183
What are the prime factors of 289594?
2, 29, 4993
List the prime factors of 898194.
2, 3, 11, 31, 439
What are the prime factors of 3798150?
2, 3, 5, 25321
List the prime factors of 62710.
2, 5, 6271
List the prime factors of 1000668.
2, 3, 83389
What are the prime factors of 127182?
2, 3, 11, 41, 47
What are the prime factors of 2725064?
2, 340633
List the prime factors of 264073.
199, 1327
List the prime factors of 235801.
37, 6373
What are the prime factors of 12669034?
2, 7, 904931
What are the prime factors of 1343958?
2, 3, 7, 11, 2909
What are the prime factors of 1645250?
2, 5, 6581
List the prime factors of 5349197.
7, 764171
What are the prime factors of 614349?
3, 68261
What are the prime factors of 207218?
2, 11, 9419
What are the prime factors of 2169264?
2, 3, 43, 1051
List the prime factors of 3895161.
3, 1298387
What are the prime factors of 257049?
3, 13
What are the prime factors of 291146?
2, 149, 977
List the prime factors of 1230572.
2, 7, 71, 619
What are the prime factors of 1387443?
3, 462481
What are the prime factors of 194811?
3, 64937
What are the prime factors of 17140621?
59, 353, 823
List the prime factors of 2502431.
1051, 2381
What are the prime factors of 1133178?
2, 3, 188863
What are the prime factors of 125765?
5, 25153
List the prime factors of 659488.
2, 37, 557
What are the prime factors of 210397?
11, 31, 617
List the prime factors of 38297151.
3, 47, 103, 293
List the prime factors of 113024.
2, 883
List the prime factors of 157507.
7, 22501
What are the prime factors of 6938754?
2, 3, 17, 59, 1153
What are the prime factors of 4575090?
2, 3, 5, 13, 11731
List the prime factors of 2090060.
2, 5, 7, 14929
What are the prime factors of 20235122?
2, 10117561
List the prime factors of 721311.
3, 240437
List the prime factors of 3169990.
2, 5, 17, 29, 643
What are the prime factors of 10635582?
2, 3, 1772597
List the prime factors of 290336.
2, 43, 211
What are the prime factors of 256155?
3, 5, 17077
What are the prime factors of 9616720?
2, 5, 120209
What are the prime factors of 117244?
2, 29311
What are the prime factors of 12842075?
5, 513683
List the prime factors of 7284023.
7284023
What are the prime factors of 2067487?
251, 8237
What are the prime factors of 572866?
2, 7, 17, 29, 83
List the prime factors of 21460617.
3, 2384513
What are the prime factors of 384118?
2, 7, 27437
List the prime factors of 862976.
2, 3371
List the prime factors of 1835554.
2, 7, 131111
What are the prime factors of 313326?
2, 3, 13, 103
What are the prime factors of 139715?
5, 27943
What are the prime factors of 2757075?
3, 5, 36761
What are the prime factors of 12403801?
61, 203341
List the prime factors of 507083.
47, 10789
List the prime factors of 6233236.
2, 1558309
List the prime factors of 34601035.
5, 7, 17, 58153
What are the prime factors of 442811?
257, 1723
List the prime factors of 612279.
3, 7559
List the prime factors of 77853.
3, 25951
List the prime factors of 4477485.
3, 5, 31, 9629
List the prime factors of 10022332.
2, 109, 127, 181
What are the prime factors of 1508082?
2, 3, 251347
What are the prime factors of 351615?
3, 5, 11, 2131
List the prime factors of 15621813.
3, 47, 36931
List the prime factors of 13768397.
2371, 5807
What are the prime factors of 950186?
2, 475093
List the prime factors of 71949.
3, 29, 827
List the prime factors of 148380.
2, 3, 5, 2473
List the prime factors of 598458.
2, 3, 7, 14249
What are the prime factors of 975144?
2, 3, 41, 991
What are the prime factors of 1348693?
811, 1663
What are the prime factors of 425161?
11, 38651
List the prime factors of 106457.
13, 19, 431
What are the prime factors of 3199159?
1301, 2459
List the prime factors of 244620.
2, 3, 5, 151
What are the prime factors of 529474?
2, 11, 41, 587
What are the prime factors of 256525?
5, 31, 331
What are the prime factors of 1213177?
7, 71, 2441
List the prime factors of 4743365.
5, 11, 86243
What are the prime factors of 6202717?
37, 167641
What are the prime factors of 9512671?
7, 1358953
List the prime factors of 159691.
7, 3259
List the prime factors of 534153.
3, 263, 677
What are the prime factors of 7192452?
2, 3, 599371
List the prime factors of 189538.
2, 97, 977
List the prime factors of 1119874.
2, 7, 41, 1951
List the prime factors of 1122773.
43, 26111
List the prime factors of 398678.
2, 7, 28477
List the prime factors of 1060878.
2, 3, 7, 13, 29, 67
What are the prime factors of 3419640?
2, 3, 5, 7, 23, 59
List the prime factors of 2731384.
2, 341423
List the prime factors of 57075.
3, 5, 761
What are the prime factors of 241441?
241441
What are the prime factors of 2130455?
5, 426091
What are the prime factors of 1629739?
17, 37, 2591
List the prime factors of 853706.
2, 7, 17, 211
What are the prime factors of 6636371?
7, 948053
List the prime factors of 11144622.
2, 